 33569*b + 134263. Give n(-4).
-13
Let o(d) = -2*d**3 - 9*d**2 - 41*d - 446. What is o(-8)?
330
Let a(n) = n**2 - 12*n - 42. Calculate a(18).
66
Let v(p) = -545*p - 5995. Calculate v(-11).
0
Let y(u) = u**3 - 39*u**2 - 75*u + 1396. What is y(40)?
-4
Let y(d) = -12*d + 900. What is y(76)?
-12
Let a(o) = -o**3 - 86*o**2 - 634*o - 787. What is a(-78)?
-7
Let m(v) = -v**3 + 10*v**2 + 154*v - 1363. What is m(8)?
-3
Let o(s) = -21*s - 1126. Calculate o(-54).
8
Let p(b) = -2*b**3 - 76*b**2 - 15*b - 402. Determine p(-38).
168
Let i(o) = -o**3 - 51*o**2 + 105*o - 73. What is i(-53)?
-20
Let f(p) = p**3 + 8*p**2 + 15*p + 80. Give f(-7).
24
Let v(i) = -52*i - 3247. Give v(-64).
81
Let d(f) = -f**2 + 37*f + 344. Determine d(51).
-370
Let p(s) = -194*s + 20572. Give p(106).
8
Let o(g) = -94*g - 1347. What is o(-14)?
-31
Let c(a) = -46*a**2 + 365*a + 16. Determine c(8).
-8
Let u(b) = b**2 + 1522*b - 12246. Give u(8).
-6
Let w(j) = -762*j - 757. Give w(-1).
5
Let x(s) = -s**3 + 13*s**2 - 139. Determine x(12).
5
Let f(r) = -2*r**2 - 39*r - 125. What is f(-16)?
-13
Let j(t) = -t**3 + 100*t**2 + 104*t - 651. Give j(101).
-348
Let w(z) = -206*z**2 + 1167*z - 15. Give w(6).
-429
Let z(r) = 6*r + 98. Calculate z(-18).
-10
Let l(y) = 8*y**2 - 48*y - 7. Give l(5).
-47
Let k(u) = u**3 - 30*u**2 + 29*u + 55. Determine k(29).
55
Let m(n) = 2*n**2 + 32*n - 192. Calculate m(5).
18
Let v(l) = -3*l**2 + 171*l + 542. Give v(60).
2
Let h(y) = 200*y + 1395. Calculate h(-7).
-5
Let p(m) = -3*m**3 + 9*m**2 - 14*m + 4. Give p(4).
-100
Let c(o) = o**3 + 66*o**2 + 140*o + 774. Calculate c(-64).
6
Let y(o) = -19745*o - 59241. What is y(-3)?
-6
Let y(g) = -g**3 - 47*g**2 - 71*g - 1155. Calculate y(-46).
-5
Let w(v) = v**3 + 12*v**2 - 32*v - 59. What is w(-14)?
-3
Let w(r) = -r**3 - 12*r**2 - 20*r - 41. Give w(-11).
58
Let o(p) = p**2 - 21*p + 31. Give o(-7).
227
Let q(b) = 2*b**2 + 83*b + 660. Determine q(-10).
30
Let t(y) = 5*y - 78. Determine t(12).
-18
Let g(l) = -l**3 + 16*l**2 - 49*l + 6. Determine g(11).
72
Let q(y) = 153*y + 1487. What is q(-10)?
-43
Let j(h) = 3*h**3 + 69*h**2 + 2*h + 25. Calculate j(-23).
-21
Let p(q) = -94*q - 2183. Give p(-23).
-21
Let d(b) = 4*b**3 - 25*b**2 - 55*b - 6. Determine d(8).
2
Let m(d) = 40*d - 1237. Calculate m(31).
3
Let c(w) = -9*w + 66. Calculate c(9).
-15
Let g(f) = -2*f**3 - 56*f**2 + 6*f + 19. Determine g(-28).
-149
Let n(r) = 2*r**3 + 6*r**2 - 172*r - 650. Calculate n(-4).
6
Let l(v) = -8*v**2 + 125*v + 26. What is l(17)?
-161
Let f(x) = -3004*x + 24034. What is f(8)?
2
Let u(x) = 351*x - 1414. Determine u(4).
-10
Let b(h) = 7*h + 76. Calculate b(-5).
41
Let x(y) = -y**3 + 16*y**2 + 59*y - 1009. Give x(16).
-65
Let f(a) = -172*a - 247. Calculate f(-3).
269
Let v(s) = -s**2 + 158*s + 2595. Give v(-15).
0
Let u(j) = -j**2 + 505*j - 7847. Give u(16).
-23
Let a(i) = i**2 + 20*i - 102. Give a(8).
122
Let y(m) = -10*m - 88. Determine y(-18).
92
Let s(j) = j**3 - 33*j**2 + 57*j + 156. Give s(31).
1
Let f(q) = 2*q**2 + 64*q + 96. Calculate f(-28).
-128
Let w(i) = 2*i**2 + 55*i + 562. Give w(-22).
320
Let g(p) = 206*p + 6399. Give g(-31).
13
Let o(t) = t**2 + 19*t + 44. Calculate o(-13).
-34
Let y(s) = -s**3 + 41*s**2 + 138*s - 272. Determine y(44).
-8
Let o(h) = 6*h**2 - 176*h + 194. Determine o(28).
-30
Let o(n) = 2*n**3 - 10*n**2 - 11*n + 42. Give o(8).
338
Let g(d) = -d**3 - 18*d**2 + 42*d - 121. Give g(-20).
-161
Let w(n) = -14*n + 35. What is w(3)?
-7
Let x(h) = -h**2 - 74*h - 429. What is x(-70)?
-149
Let q(b) = -5*b**2 + 72*b + 20. Determine q(15).
-25
Let v(r) = 37*r - 1720. What is v(47)?
19
Let b(m) = -m**3 + 5*m**2 + 4*m. Determine b(6).
-12
Let v(y) = 6*y**2 - 72*y + 28. What is v(14)?
196
Let v(p) = -13*p + 79. Give v(2).
53
Let m(y) = 7*y**2 + 22*y + 37. Determine m(-7).
226
Let u(l) = 7*l + 20. Give u(4).
48
Let c(q) = -4*q**3 - 17*q**2 - 138*q - 535. Determine c(-4).
1
Let k(x) = -64*x + 554. Calculate k(6).
170
Let q(m) = -277*m - 1863. Determine q(-7).
76
Let r(f) = -f**3 + 81*f**2 - 382*f + 152. What is r(76)?
0
Let d(u) = u**3 - 9*u**2 + 31*u - 3. Calculate d(8).
181
Let z(u) = 2*u**3 + 41*u**2 - 47*u + 509. Calculate z(-22).
91
Let u(r) = 215*r - 1071. Calculate u(5).
4
Let g(d) = -2*d**2 + 45*d - 430. Calculate g(12).
-178
Let a(u) = -30*u - 127. Give a(-3).
-37
Let m(q) = 53*q + 1883. What is m(-37)?
-78
Let p(r) = 2*r**2 - 42*r - 147. Determine p(-3).
-3
Let s(v) = 3*v**3 + 27*v**2 - 25*v - 15. What is s(-10)?
-65
Let b(x) = -27*x - 384. What is b(-23)?
237
Let v(z) = -z**3 - 10*z**2 + 8*z + 26. Determine v(-10).
-54
Let c(p) = -86*p - 9713. Calculate c(-113).
5
Let i(o) = 140*o - 69718. Calculate i(498).
2
Let d(k) = 221*k - 2662. Calculate d(12).
-10
Let c(m) = -5*m - 23. Calculate c(-7).
12
Let b(v) = 13*v + 1381. Calculate b(-101).
68
Let f(l) = l**2 - 81*l - 245. What is f(84)?
7
Let s(c) = -17*c**2 + 265*c + 64. Give s(16).
-48
Let a(c) = -18*c**2 - 55*c + 154. What is a(3)?
-173
Let t(g) = 113*g**2 + 824*g + 250. Determine t(-7).
19
Let y(x) = 10*x**2 - 75*x - 89. Give y(9).
46
Let a(d) = 31*d**2 - 92*d + 498. Give a(5).
813
Let w(i) = -2*i**3 - 68*i**2 - 62*i + 130. Determine w(-33).
-2
Let v(z) = -27*z**2 - 54*z + 9. Calculate v(3).
-396
Let x(h) = 250*h + 1462. Determine x(-6).
-38
Let z(i) = -35*i**2 + 165*i + 351. Calculate z(-2).
-119
Let j(g) = 3*g**2 + 110*g - 161. What is j(-38)?
-9
Let n(o) = 5*o**2 + 72*o + 19. Give n(-14).
-9
Let l(j) = j**3 - 34*j**2 + 91*j + 6. Determine l(31).
-56
Let u(l) = 2*l**3 - 48*l**2 + 159*l + 43. Calculate u(20).
23
Let l(u) = -57*u - 269. Calculate l(-5).
16
Let v(w) = -w**2 - 508*w - 7387. Determine v(-15).
8
Let q(d) = -17*d**2 - 13*d + 32. Give q(-4).
-188
Let q(d) = -443*d - 2755. Determine q(-8).
789
Let x(f) = f**3 - 15*f**2 - 98*f + 1324. Calculate x(16).
12
Let q(y) = 4*y**2 - 68*y + 364. Determine q(9).
76
Let y(n) = -4*n**2 - 205*n - 441. Determine y(-49).
0
Let p(j) = -8*j**2 + 7. Give p(3).
-65
Let m(a) = -a**2 - 15*a + 105. Give m(10).
-145
Let g(w) = -w**3 - w**2 + 24*w + 147. Give g(-7).
273
Let z(n) = 74*n - 1893. What is z(25)?
-43
Let u(b) = 2*b**2 + 32*b + 23. What is u(-17)?
57
Let r(x) = -959*x - 9587. What is r(-10)?
3
Let w(a) = a**2 + 27*a + 132. Calculate w(-10).
-38
Let t(i) = 7*i - 87. Give t(-3).
-108
Let b(p) = -p**2 + 328*p - 972. What is b(3)?
3
Let r(b) = 93*b - 3430. Give r(37).
11
Let r(u) = u**2 + 139*u + 3860. Calculate r(-36).
152
Let r(j) = -j**3 - 29*j**2 - 32*j - 128. Determine r(-28).
-16
Let h(q) = -94*q - 1791. Calculate h(-19).
-5
Let m(s) = 16*s**2 + 47*s - 139. Give m(3).
146
Let z(s) = 44*s - 4858. What is z(108)?
-106
Let y(j) = j**3 + 12*j**2 - 7*j - 44. Give y(-11).
154
Let v(q) = -q**3 - 35*q**2 - 123*q + 25. Calculate v(-31).
-6
Let m(i) = -i**3 + i**2 + 2*i - 2. What is m(-4)?
70
Let a(d) = -937*d + 6563. Give a(7).
4
Let x(q) = -q**3 - q**2 - 2*q + 3. Give x(4).
-85
Let h(p) = p**3 - 65*p**2 + 14*p + 50. Give h(1).
0
Let i(g) = 15*g - 169. Give i(9).
-34
Let y(b) = -4*b**3 - 64*b**2 - 196*b - 38. Determine y(-12).
10
Let i(m) = -24*m**3 - 286*m**2 - 3*m - 313. Calculate i(-12).
11
Let r(a) = a**2 - 143*a - 3448. Calculate r(-21).
-4
Let h(w) = 2*w**3 - 20*w**2 + 11*w + 17. What is h(9)?
-46
Let b(m) = 11*m + 28. Determine b(-15).
-137
Let w(k) = -3*k**2 + 140*k + 582. Give w(-4).
-26
Let x(r) = -45*r**2 + 19*r - 1. Determine x(-3).
-463
Let q(v) = v**3 - 22*v**2 + 288*v - 1147. What is q(6)?
5
Let h(o) = -5*o**2 + 18*o + 11. Give h(4).
3
Let y(n) = n**3 + 34*n**2 + 166*n - 72. Calculate y(-28).
-16
Let o(s) = -s**2 - 140*s + 857. Give o(6).
-19
Let z(j) = -40*j**2 - 28*j - 2. What is z(-1)?
-14
Let s(w) = -w**2 + 1210*w + 7253. Give s(-6).
-43
Let n(b) = b**3 + 37*b**2 - 90*b - 481. What is n(-39)?
-13
Let l(y) = y**3 + 18*y**2 - 52*y - 245. Give l(-20).
-5
Let s(t) = 4*t**2 + 222*t - 589. Determine s(-58).
-9
Let m(k) = k**3 + 20*k**2 - 2*k - 34. Determine m(-20).
6
Let c(y) = 838*y + 1565. Give c(-2).
-111
Let x(i) = i**2 - i - 133. What is x(-6)?
-91
Let p(v) = 2*v**3 - 21*v**2 + 4*v + 104. Calculate p(10).
44
Let w(r) = -7*r**2 + 155*r - 152. Give w(21).
16
Let b(v) = 2686*v + 13429. Determine b(-5).
-1
Let p(y) = -10*y**3 + 1181*y**2 - 116*y - 242. Determine p(118).
-6
Let r(z) = 18*z**2 - 34*z - 12. Determin